{"id":41,"date":"2013-05-08T14:20:44","date_gmt":"2013-05-08T12:20:44","guid":{"rendered":"http:\/\/bergedorfer-kammerchor.de\/test2\/?page_id=41"},"modified":"2014-02-23T19:59:26","modified_gmt":"2014-02-23T17:59:26","slug":"41-2","status":"publish","type":"page","link":"https:\/\/www.bergedorfer-kammerchor.de\/?page_id=41","title":{"rendered":"Tobias Brommann"},"content":{"rendered":"<p><a href=\"https:\/\/www.bergedorfer-kammerchor.de\/wp-content\/uploads\/2013\/05\/brommann_sw.jpg\"><img loading=\"lazy\" decoding=\"async\" class=\"alignnone  wp-image-94\" alt=\"brommann_sw\" src=\"https:\/\/www.bergedorfer-kammerchor.de\/wp-content\/uploads\/2013\/05\/brommann_sw.jpg\" width=\"122\" height=\"169\" srcset=\"https:\/\/www.bergedorfer-kammerchor.de\/wp-content\/uploads\/2013\/05\/brommann_sw.jpg 273w, https:\/\/www.bergedorfer-kammerchor.de\/wp-content\/uploads\/2013\/05\/brommann_sw-216x300.jpg 216w\" sizes=\"auto, (max-width: 122px) 100vw, 122px\" \/><\/a><\/p>\n<p><strong>Chorleiter von Juli 2001 bis Juli 2003<\/strong><br \/>\n<strong>Seit September 2003 Kantor am Berliner Dom<\/strong><\/p>\n<p>geboren 1968, erhielt nach erster kirchenmusikalischer Ausbildung bereitsmit 13 Jahren die erste Anstellung als Organist. Neben dem Schulunterricht spielte erdiverse Instrumente aus allen Gruppen: Geige, Fagott, Trompete etc. Er studierte Kirchenmusik an der Hamburger Musikhochschule und schlo\u00df 1997 mit der A-Pr\u00fcfung ab.<\/p>\n<p>Als Kirchenmusiker in der Kirchengemeinde Sasel gr\u00fcndete er 1999 dieSaseler Singschule mit verschiedenen Ch\u00f6ren f\u00fcr alle Altersgruppen. Neben musikalischen Assistenzen bei zahlreichen Opernprojekten bestreitet er viele Konzerte als Organist undChorleiter vorwiegend in und um Hamburg und war Assistent und Korrepetitor bei Kursen von Eric Ericson.<\/p>\n<p>Artikel aus der Bergedorfer Zeitung: <a href=\"https:\/\/www.bergedorfer-kammerchor.de\/presse\/neuer_chorleiter.php\"><b>Neuer Chorleiter Tobias Bromman<\/b><\/a><\/p>\n","protected":false},"excerpt":{"rendered":"<p>Chorleiter von Juli 2001 bis Juli 2003 Seit September 2003 Kantor am Berliner Dom geboren 1968, erhielt nach erster kirchenmusikalischer Ausbildung bereitsmit 13 Jahren die erste Anstellung als Organist. Neben dem Schulunterricht spielte erdiverse Instrumente aus allen Gruppen: Geige, Fagott, Trompete etc. Er studierte Kirchenmusik an der Hamburger Musikhochschule und schlo\u00df 1997 mit der A-Pr\u00fcfung [&hellip;]<\/p>\n","protected":false},"author":1,"featured_media":0,"parent":93,"menu_order":2,"comment_status":"closed","ping_status":"closed","template":"","meta":{"ngg_post_thumbnail":0,"footnotes":""},"class_list":["post-41","page","type-page","status-publish","hentry"],"_links":{"self":[{"href":"https:\/\/www.bergedorfer-kammerchor.de\/index.php?rest_route=\/wp\/v2\/pages\/41","targetHints":{"allow":["GET"]}}],"collection":[{"href":"https:\/\/www.bergedorfer-kammerchor.de\/index.php?rest_route=\/wp\/v2\/pages"}],"about":[{"href":"https:\/\/www.bergedorfer-kammerchor.de\/index.php?rest_route=\/wp\/v2\/types\/page"}],"author":[{"embeddable":true,"href":"https:\/\/www.bergedorfer-kammerchor.de\/index.php?rest_route=\/wp\/v2\/users\/1"}],"replies":[{"embeddable":true,"href":"https:\/\/www.bergedorfer-kammerchor.de\/index.php?rest_route=%2Fwp%2Fv2%2Fcomments&post=41"}],"version-history":[{"count":0,"href":"https:\/\/www.bergedorfer-kammerchor.de\/index.php?rest_route=\/wp\/v2\/pages\/41\/revisions"}],"up":[{"embeddable":true,"href":"https:\/\/www.bergedorfer-kammerchor.de\/index.php?rest_route=\/wp\/v2\/pages\/93"}],"wp:attachment":[{"href":"https:\/\/www.bergedorfer-kammerchor.de\/index.php?rest_route=%2Fwp%2Fv2%2Fmedia&parent=41"}],"curies":[{"name":"wp","href":"https:\/\/api.w.org\/{rel}","templated":true}]}}